e the prime factors of 2/u - (-117)/6?
2, 5
Let z = 136 - 67. What are the prime factors of z?
3, 23
Let p(n) = 2*n**2 - 5*n - 7. Let d = -7 + 12. Let i be p(d). Suppose -2*w = -0*w + s - i, w - s = 6. List the prime factors of w.
2
Let o(a) = -9*a**3 + 3*a**2 + 5*a + 8. What are the prime factors of o(-2)?
2, 41
Suppose -j + 38 = -6. List the prime factors of j.
2, 11
Suppose 5*z = 4*b + 25, -4*z - 4*b + 9*b = -11. What are the prime factors of (-6)/z*-15 + -2?
2
Let u(w) = 7 - w - 8*w + 2 + w**2. Let x be u(8). List the prime factors of 5/1 + 3 + x.
3
Let l(p) = -p**3 - 3*p**2 - p - 5. Let s be l(-4). Suppose -s = -2*a + a. What are the prime factors of a?
3, 5
Let g(f) = 3*f**2 - 4*f + 2. Suppose k + 14 = 4*k + 5*j, -1 = -j. What are the prime factors of g(k)?
17
Suppose -5*n = -3*z + 5 + 5, 25 = -3*n - 2*z. Let w(r) = -3*r - 3. List the prime factors of w(n).
2, 3
Let h(v) = -2*v + 2 - 4*v + 0 - v**2. What are the prime factors of h(-6)?
2
Suppose -3*q + 56 = -7*q. Let h = q - -16. What are the prime factors of h?
2
Suppose 5*s + 5*u = 35, 5*s + 0*u = 5*u + 5. What are the prime factors of (-7)/28 - (-61)/s?
3, 5
Let n(y) be the second derivative of y**5/20 - 5*y**4/12 - 2*y**3/3 - 3*y**2 + 2*y. What are the prime factors of n(6)?
2, 3
Let k be -1 - (4 + -2) - -3. Let f(b) = b**2 - 4. Let c be f(k). What are the prime factors of (-432)/(-30) + c/10?
2, 7
Suppose 7 + 0 = -y - 2*c, 2*y = 5*c + 13. List the prime factors of y + (-2)/(4/(-30)).
2, 7
Let y = -22 + 47. Suppose 0 = -3*j - 2*j + y. Let r = j - -9. List the prime factors of r.
2, 7
Let f(l) = -l - 6. Let b be f(-8). Let i(u) = -u**3 + 4*u**2 + 2*u - 4. Let p be i(4). Suppose r = p + b. What are the prime factors of r?
2, 3
Suppose 0 = -u - 1, 3*u = -w + 9 + 6. What are the prime factors of w?
2, 3
Let z(o) be the first derivative of 9*o**4/4 - o**2/2 + 1. Let w be z(1). Suppose 0 = 3*c - w - 4. List the prime factors of c.
2
Suppose k - 12 = 3*k. Let z = k - 2. Let v = z + 17. What are the prime factors of v?
3
Let k(r) = r**3 + 5*r**2 + 2*r - 2 + 3*r - 3*r. Suppose 4*l - 5*f = -4*f - 15, 0 = 5*f - 15. List the prime factors of k(l).
2, 5
Suppose -2*b + 6*b = 92. Let c = b + -14. List the prime factors of c.
3
Suppose -4*h - 6 = 5*b, -3*b - 1 - 2 = 3*h. Let x = 3 - b. Suppose 5*r = -5*i + 40, i + 3*i + 76 = x*r. What are the prime factors of r?
2, 3
Let k = -111 - -157. What are the prime factors of k?
2, 23
Suppose -7*p = -114 - 110. List the prime factors of p.
2
Let b(s) = -s + 10. Let j be b(8). Suppose 0*d + 18 = j*d. List the prime factors of d.
3
List the prime factors of 876/22 - 14/(-77).
2, 5
What are the prime factors of (-104)/6*(-48)/32?
2, 13
Suppose x - 20 = -4*x. Suppose -z + 20 = x*z. Suppose 0 = b + 5, -z*s - 4*b + 24 = 4. What are the prime factors of s?
2, 5
Suppose -3*b + 2*g + 293 = 0, -b = -0*b + 4*g - 79. List the prime factors of b.
5, 19
Let q be (20/(-12))/(1/(-57)). Suppose -5*c = 3*o - q + 11, -3*c = 2*o - 51. Suppose -3*p + c + 0 = 0. What are the prime factors of p?
5
Suppose 3*g - 2*a - 11 = 0, -a + 3 = 2*g + 2*a. Suppose -g = -2*i + 5. Suppose -13 = -p - i. List the prime factors of p.
3
Suppose t + t = 5*h - 369, 2*h = -t + 144. List the prime factors of h.
73
Suppose 0*g + g = -13. Let r = g + 21. What are the prime factors of r?
2
Let w(l) = -l + 5. Let m(k) = -2*k + 6. Let r(p) = -3*m(p) + 4*w(p). What are the prime factors of r(5)?
2, 3
What are the prime factors of (91/26)/((-1)/(-14))?
7
Suppose 4*z - 3*w = -1, -3*w = z - 4*w + 1. What are the prime factors of z?
2
Let r(n) = -4*n - 2. Let a be r(4). Let q be a/(-5) + 6/15. Suppose -2*c + 3*c - q = 0. What are the prime factors of c?
2
Let u(i) be the third derivative of 2/3*i**3 + 2*i**2 - 1/120*i**6 + 0*i + 0*i**4 + 0 + 1/10*i**5. What are the prime factors of u(6)?
2
Suppose -20 = -3*f - 2*f, 508 = 4*z - 4*f. List the prime factors of z.
131
What are the prime factors of ((-190)/(-4) + -1)/(9/24)?
2, 31
What are the prime factors of 2/(-11) - (-92)/22?
2
Suppose -4*a = 3*i - 119, -6*i + 3*i = -3*a - 105. What are the prime factors of i?
37
Suppose -4*h + z + 117 = -165, 3*h - 3*z - 207 = 0. What are the prime factors of h?
71
Suppose 4*d - 123 = d. Let l = -14 + d. What are the prime factors of l?
3
Suppose -290 - 46 = -7*q. What are the prime factors of q?
2, 3
Let u(h) = h**2 - 3*h + 10. Let b(j) = 1. Let p(v) = -3*b(v) + u(v). Let c be (1 + -1 - -1)*5. List the prime factors of p(c).
17
List the prime factors of (6/(-4) + 1)/((-4)/568).
71
Let s(d) = 2*d + 2. Let f = 7 + -3. Let h be s(f). Suppose u + h = 2*u. What are the prime factors of u?
2, 5
Let l(a) = -a**2 + 10*a + 1. List the prime factors of l(7).
2, 11
Let d(p) = p**2 - 11*p + 11. Let b be d(10). Let g(q) = 8*q. List the prime factors of g(b).
2
Let z be 3/2*(-4)/(-3). Let u(f) = -f. Let p be u(7). List the prime factors of (-65)/p - z/7.
3
Suppose 24 - 108 = -3*g. Let u = -19 + g. List the prime factors of u.
3
Let v = 5 + -5. Let y(m) = 5*m**2 + 5*m + 17. Let h(f) = 6*f**2 + 6*f + 17. Let c(t) = -6*h(t) + 7*y(t). List the prime factors of c(v).
17
Suppose -5*d + 1564 = -221. List the prime factors of d.
3, 7, 17
Let q(k) = 2*k**2 - k + 2. Let u be q(-3). Suppose -5*o - 26 = -2*h + 5, 4*h + 3*o = u. List the prime factors of h.
2
Let z = 35 + -19. Let r = z + -11. Suppose -4*h + 49 = r. What are the prime factors of h?
11
List the prime factors of ((-42)/(-24))/((-2)/(-8)).
7
Let n(k) = -134*k - 8. What are the prime factors of n(-2)?
2, 5, 13
Let q(a) = 5*a**2 - 3*a. Let t be q(2). List the prime factors of (4/2)/(4/t).
7
Suppose -4*o + 3*o = -9. Let k be (3/o)/((-1)/(-12)). List the prime factors of k*(-4)/((-16)/6).
2, 3
Suppose -3*z = -0*z - 12. Suppose 2*f - z = 6*f. List the prime factors of 12 + 0 - (f + 3).
2, 5
Let y(x) = -x**3 + 2*x**2 - x - 3. Let u be y(-3). Suppose 7*d = 2*d + u. What are the prime factors of d?
3
Let l(q) = -19*q**3 + 2*q + 1. Let u be (-2)/4 + 2/(-4). Let p be -2*2/(3 - u). What are the prime factors of l(p)?
2, 3
Let u(j) = 10*j + 24. What are the prime factors of u(7)?
2, 47
Suppose 0 = -4*u - k + 8 + 7, 0 = -4*u + 5*k - 3. Suppose 3*a + 4*n = 73 - 14, -45 = -2*a + u*n. List the prime factors of a.
3, 7
Let k = -8 + 2. Let v = -4 + 0. List the prime factors of (9 + 0)/(k/v).
2, 3
Suppose -3 = 3*i - 294. Let c = i - 57. List the prime factors of c.
2, 5
Let a(v) = v**2 + 2*v + 3. Let j be a(-3). Suppose j*m = 5*m, -12 = -2*w - 3*m. What are the prime factors of w?
2, 3
Let a(q) = q**2 + 14*q - 46. What are the prime factors of a(12)?
2, 7, 19
Let f(z) = z**3 + 5*z - 3. Let w(a) = a**3 - a**2 + 4*a - 2. Let b(k) = -4*f(k) + 5*w(k). Let n be b(5). What are the prime factors of (0 - n) + 6 - 0?
2
Let m(y) = -y**2 + 12*y + 4. List the prime factors of m(8).
2, 3
Suppose 4*f = 384 + 24. What are the prime factors of f?
2, 3, 17
Let v(j) = 4*j - 3. Let x be v(-4). Let f be 82/3 - (-2)/(-6). Let l = x + f. List the prime factors of l.
2
Let s(d) = d**2 + d + 2. Let u be s(-2). Let p = 29 - u. What are the prime factors of p?
5
Let u(f) = 2*f**2 + f + 4. Let o be u(-5). Suppose o = 5*v + 14. Suppose -3*m + 22 = v. What are the prime factors of m?
5
Let g = 10 - 19. What are the prime factors of (-32)/6*(6 + g)?
2
Let z(v) = 4*v - 1. Let p(w) = 3*w - 1. Let o(c) = -3*p(c) + 4*z(c). Let b be (6/(-12))/((-2)/4). What are the prime factors of o(b)?
2, 3
Suppose 1 + 1 = -a. Let y = a - 0. List the prime factors of y*27/(-6) + -1.
2
Let n = -6 + 6. Suppose -25 = i + 4*i, n = -j - 3*i - 15. Suppose 2*p - 7*p + 45 = j. What are the prime factors of p?
3
Let c(z) be the second derivative of 13*z**3/3 + z**2 - 2*z. Let b be c(-2). What are the prime factors of b/(-18) - (-4)/18?
3
Let r = 156 - 62. What are the prime factors of r?
2, 47
Suppose 14*d - 672 - 378 = 0. What are the prime factors of d?
3, 5
Let c(q) = -q**2 + 7*q - 9. Let t be c(6). Suppose 4*r = -8 - 32. Let s = t - r. List the prime factors of s.
7
Let q be 26 - (-3)/(2 - -1). Suppose 3*j + 0*j - q = -2*v, -2*j - v + 17 = 0. What are the prime factors of j?
7
Let j be (-40)/(-18) + (-2)/9. Suppose -19 - j = -3*d. What are the prime factors of d?
7
Let d(r) = r**2 + 6 + 7 - 3*r + 6 + 2*r. What are the prime factors of d(0)?
19
Suppose -4*f -